/2 + -2 + d. Let m(l) = l**2 - 3. Let c be m(-4). What is the greatest common factor of c and x?
13
Let j be (-2 - 78/(-9))*3. Let n = j - -4. Suppose 3*b - 9 = 0, -3*u + 3*b + 651 = 4*b. What is the greatest common factor of u and n?
24
Suppose 0 = 2*x + 5*x - 182. Calculate the highest common factor of 26 and x.
26
Suppose -14 = 2*m + 5*t - 150, t - 128 = -2*m. Calculate the greatest common factor of m and 1008.
63
Suppose 0 = 5*k - 6*k + 10. Let w be 4/(12/k - 1). Let a = -9 - -17. Calculate the greatest common divisor of w and a.
4
Let d(l) = l**3 - l**2 + l. Let h be d(2). What is the highest common divisor of h and 282?
6
Suppose -5*t - 5*v + 309 = -121, 3*t - 258 = v. Let n be t - (-15)/(-9)*-3. What is the greatest common factor of 13 and n?
13
Let t = 213 + -141. Let y = 3 - -5. Let i be 27/(-12)*y/(-2). What is the greatest common divisor of t and i?
9
Let m be (-162)/(-4)*4/6. Suppose 91 = p - 5*i, -3*i + 3 = 9. What is the greatest common factor of p and m?
27
Let h = -109 - -187. What is the highest common factor of h and 6?
6
Let k(i) = -i - 7. Suppose -2*n - 2 = -4*z, 0*z = 4*n + 4*z + 52. Let r be k(n). Suppose -3*h = 2*h - 5. Calculate the greatest common divisor of h and r.
1
Let d be (-56)/20*(-375)/5 - 0. What is the highest common factor of 147 and d?
21
Suppose -2*s + s - 2*m - 7 = 0, 0 = 3*s - 4*m - 9. Let n be 8 - s - (-6 + 6). Calculate the greatest common divisor of 153 and n.
9
Suppose -12 = -0*w - 4*w. Suppose -2*r = -2*s + 48, w*s - 2*r + 40 = 110. Calculate the greatest common divisor of 176 and s.
22
Let i be ((-6)/4)/((-9)/12). Suppose i*w + 2 = 3*w. Suppose -q + w = -0*q, 326 = 2*a - 2*q. What is the highest common factor of 15 and a?
15
Suppose 5*r - j - 701 = 0, -141 = -r + 3*j - 2*j. Suppose -u - r = -5*u. Let b = -9 - -16. What is the highest common factor of b and u?
7
Let k(w) = w + 18. Let u be k(-13). Suppose 50 - 35 = u*h. Let z(f) = 5*f. Let q be z(h). What is the greatest common factor of q and 10?
5
Let b = 471 - 443. Calculate the greatest common factor of b and 4.
4
Let a(g) = 66*g + 203. Let y be a(-2). Calculate the highest common divisor of y and 2059.
71
Let t be (-24 + 0)/(-5 + (-28)/(-8)). Suppose -4*f + 5 = -203. Let x be (-4)/6 - f/(-6). What is the greatest common divisor of t and x?
8
Suppose -3*z = 3*x - 90, 0 = -3*x - x + 3*z + 155. Let j be ((-24)/(-14))/(10/x). What is the highest common divisor of 3 and j?
3
Let w = 11 + 86. Suppose 7 = 5*k - 8, a + 3*k - w = 0. What is the greatest common factor of 8 and a?
8
Suppose -4*f = 0, 4*d + 0*f - f - 16 = 0. Suppose d*b - 754 = p, b + 2*b + 3*p = 573. Calculate the greatest common divisor of 27 and b.
27
Let f = -17 + 14. Let i be f/(1*6/(-8)). Let l = i - -10. What is the highest common factor of 70 and l?
14
Let m be 40/(3/30*2). Let b = 82 - 57. Calculate the highest common factor of b and m.
25
Let p = -11 - -63. Suppose h = -2*h, -3*j = h - 12. Suppose 0 = j*y + 9 - 61. What is the highest common divisor of p and y?
13
Let y = 138 + -66. What is the highest common factor of y and 54?
18
Suppose -5*d + 2*w = -2*w + 10, -2*w - 2 = d. Let l be d - (-3 - (-516)/(-4)). Calculate the greatest common divisor of 10 and l.
10
Let c be 24*2/6*5. What is the greatest common factor of 170 and c?
10
Let v be 69 - -4*2/4. What is the greatest common factor of v and 639?
71
Let t be 2 - (0 + 2 + -4). Suppose -t*c + 25 = -3*o, 3*c - 5*o = -0*c + 5. Let f = c + -2. What is the greatest common factor of f and 4?
4
Suppose -70 = -26*v + 21*v. Suppose -3*q = -i - 5*q + 10, 3*i + 6 = 3*q. What is the greatest common factor of i and v?
2
Let l be (-216)/(-60) + 2/5. Suppose l*z = -z - 5. Let h(b) = 9*b**2 - b. Let n be h(z). Calculate the highest common factor of n and 40.
10
Suppose -2*f = -2*k + 3*k - 86, 5*k = -2*f + 70. Let b be (8/(-3))/(-3*5/f). Calculate the highest common divisor of 1 and b.
1
Suppose -3*j = -j - 30. Let o(x) = x**3 + 6*x**2 - 2*x - 8. Let u be o(-6). Let a be j/u*8/3. What is the highest common divisor of a and 10?
10
Let p be (-7 + -7)*1/(-2). Suppose 9*v = p*v. Suppose 3*g + v*g = 195. What is the highest common factor of 26 and g?
13
Suppose 10*q - 6 = 12*q, -5*m + 868 = 4*q. Calculate the highest common factor of m and 33.
11
Let k(p) = 55*p + 731. Let g be k(-12). What is the highest common divisor of g and 2272?
71
Suppose 3*c = -3*p + c + 112, 0 = -4*p + 3*c + 121. Calculate the highest common divisor of p and 102.
34
Let y be 14/(-63) + ((-254656)/(-36))/8. Calculate the greatest common factor of 52 and y.
52
Suppose -12855 = -10*q - 4535. Calculate the greatest common factor of 52 and q.
52
Let y = -1685 + 3953. Calculate the highest common divisor of y and 28.
28
Suppose 3*i + 3*r + 0*r = 348, 3*r - 572 = -5*i. Let j = 20 + -47. Let y = j - -43. What is the greatest common factor of i and y?
16
Let m be 0 + -3 - (-255)/51. Calculate the highest common divisor of m and 29.
1
Let o = -241 + 346. What is the greatest common divisor of o and 980?
35
Let b be (-1*14)/(4/(-6)). Let z = 88 + 122. Suppose 0*p = 2*p - z. Calculate the highest common divisor of b and p.
21
Let v(u) = -2*u + 130. Let s be v(28). What is the highest common divisor of s and 259?
37
Let k = 1793 + -1765. What is the greatest common divisor of k and 2492?
28
Suppose -5*z - 2*f - 3*f = -90, 0 = 5*f - 15. Let u = -1 - -4. Calculate the greatest common factor of u and z.
3
Let y(s) = -2*s + 14. Let o be y(7). Let t(z) = -z**2 + 3*z + 116. Let d be t(o). What is the highest common factor of d and 29?
29
Suppose -4*t + 242 = 54. Calculate the greatest common factor of 1 and t.
1
Suppose 4*x + j - 20 = 0, 5*x = 4*x + j + 10. Calculate the highest common divisor of 96 and x.
6
Suppose 5*w = 4*l + 25 - 400, 4*l = w + 379. Let x = l + -83. What is the greatest common divisor of 156 and x?
12
Suppose -5*i = -3*b - 68, -5*b + 4*i = 132 - 23. Let n = 2 + -1. Let w be 30/(n + 15/b). What is the highest common divisor of w and 21?
21
Suppose 7*b + 4*b = -44. Let d(o) = o**2 + 4*o + 2. Let x be d(b). Calculate the greatest common factor of 14 and x.
2
Let o = -377 + 383. Calculate the greatest common factor of o and 6.
6
Let a be (-2 + -6*(-4)/(-8))*-4. What is the greatest common factor of a and 60?
20
Let r(c) = c**3 - 31*c**2 - 45*c - 118. Let b be r(33). Calculate the highest common factor of b and 46.
23
Let d = 171 + -27. Let f = -95 + d. Suppose 0 = -4*i + 5*q + 3, 5*i - q = 3*q + 15. Calculate the highest common divisor of f and i.
7
Let r be 2/(-7) + 788/14. Let f be (-2)/(-1 - (-54)/r). Suppose 3*w + 0*m - 69 = 3*m, 4*m + f = 2*w. What is the highest common divisor of w and 6?
6
Let i = -60 - 32. Let r be i/(-8) - 1/(-2). Suppose -2*g + r = -28. Calculate the highest common factor of 30 and g.
10
Let c = -306 + 441. Let v be (-49)/28*-12 + -6. Calculate the greatest common factor of c and v.
15
Let n be 1 + 26 + 3 - (-2)/(-1). Suppose -46*m - n = -50*m. What is the greatest common factor of 63 and m?
7
Suppose 14 = 11*a - 63. Suppose 24 = 9*l - a*l. Calculate the greatest common divisor of l and 30.
6
Let w(i) = -28*i - 589. Let j be w(-49). What is the greatest common divisor of j and 54?
27
Let u be (32/(-12))/(2 - (-37)/(-18)). Calculate the greatest common factor of 6 and u.
6
Suppose 4*p - 317 = -2*a + 97, -3*p = -5*a - 330. Suppose -3*m + 58 = -5*j, j = m - 3*m + 43. Calculate the greatest common divisor of m and p.
21
Suppose -94 = -2*j + 5*k + 51, -5*k + 155 = 2*j. Calculate the highest common factor of 120 and j.
15
Let n be (-6)/(-2*1/3). Let u(v) = -10*v**3 + v**2 + 2*v + 1. Let i = -18 - -16. Let d be u(i). Calculate the highest common divisor of n and d.
9
Let s(f) = 5*f - 10. Suppose 4*b - 30 = -h - 4*h, 3*h = -5*b + 31. Let u be s(b). Let p be 1142/6 - 20/u. Calculate the greatest common divisor of p and 21.
21
Let f(j) = -2*j**3 + 2*j**2 + 56*j + 3. Let k be f(-5). Calculate the highest common factor of 713 and k.
23
Let x be 2/8 + 621/92. Let j(u) = 2*u**2 + 3*u + 2. Let w be j(-6). Calculate the highest common factor of w and x.
7
Suppose 80*t = -29*t + 34989. What is the highest common factor of t and 1391?
107
Let t = -45 - -45. Suppose t*i + 3*i = 465. Calculate the highest common divisor of 62 and i.
31
Let f(x) = -x + 17. Let t b